 z + j - 13 = 6*j, 3*z - u = -2*j. Suppose i + z*i - 44 = 0. List the prime factors of i.
11
Suppose -2*m - a - 3 = -52, -5*m - 3*a + 125 = 0. List the prime factors of 55/m + 1/(-2).
2
Let a(i) = 3*i**3 + i**2 + i + 2. Let v(s) = -2 - s**3 - 4*s**2 - 3*s**3 + 4*s**2. Let j(r) = -3*a(r) - 2*v(r). List the prime factors of j(-3).
7
Suppose 18 + 8 = c - 3*a, 0 = c + 4*a - 33. What are the prime factors of c?
29
Let r(m) = -m**3 - 4*m**2 - m + 1. Let g be r(-3). Let t = 9 - g. What are the prime factors of t?
2, 7
Let c = 6 - 4. Suppose 4*y - 16 = c*y. What are the prime factors of (2 - y/2) + 7?
5
Let k = 43 - 65. Suppose 0 = 4*t + 4, 0 = -0*r - 5*r + 3*t - 62. Let o = r - k. List the prime factors of o.
3
Let o(k) = 8*k - 51. List the prime factors of o(19).
101
Let t = -29 + 62. Suppose 3*l = -0*l + t. List the prime factors of l.
11
Let v be -3 + 8 + -1*2. Suppose 0 = v*l - 12 - 3. What are the prime factors of (l/15)/((-2)/(-42))?
7
Let h(w) = -10 + 8 + 5*w**2 + 0*w + w**3 - w. What are the prime factors of h(-5)?
3
Let w be (-6)/15 - 23/5. Let z = w + 10. Let x(m) = -m**3 + 6*m**2 - 4*m + 1. List the prime factors of x(z).
2, 3
Let v(u) = -u**3 - 10*u**2 - u + 1. Let m be v(-10). Let l be (-2)/11 + 35/m. Suppose r - 4*b = -l*r, -r = b - 10. What are the prime factors of r?
5
Let h be (-3)/(-3) + (0 - 0). List the prime factors of (6 - h) + 3/(-3).
2
Suppose -o = 3*o - 352. List the prime factors of o.
2, 11
Suppose 0 = -2*p - 4*x + 218, 37 + 60 = p - x. Suppose 29 = -2*o + p. Suppose 2*g + 5*w = 39, -o = -3*g - g + 4*w. What are the prime factors of g?
2, 3
Let a(k) = -2*k - 12. Let t be a(-9). Let o = 7 - 4. Let h = t - o. What are the prime factors of h?
3
Let t(a) be the second derivative of -a**3/6 + a**2/2 + a. Let f = -10 - -7. What are the prime factors of t(f)?
2
Suppose 0*a - 4 = 3*b + 2*a, 0 = 3*b + 5*a + 10. List the prime factors of 13 + -3 - (b + 3).
7
Suppose -8 = -n + 5*q, -3*n - 80 = -6*n + q. Suppose 3*y = 7*o - 2*o - n, 0 = -5*o + 5*y + 30. List the prime factors of o.
5
Let g = -97 - -68. Let d = -19 - g. List the prime factors of d.
2, 5
Let x(l) = l. Let i be x(4). Let k(o) = o**3 - o**2 + 2*o - 4. Let p be k(i). Suppose -5*r + p + 15 = 3*a, -4*a = 2*r - 24. List the prime factors of r.
2, 7
Let p(k) = -k**3 + 12*k**2 - 10*k - 1. Suppose -4*i - 5*t + 33 = 9, -i = 5*t + 9. Let q be p(i). Suppose -2*d + q = -6. What are the prime factors of d?
2
Let v = 321 + -174. List the prime factors of v.
3, 7
Let y(p) = 20 + 2*p - 20. What are the prime factors of y(3)?
2, 3
Suppose -8 = -3*n + 1. Suppose 0 = -n*r - r + 44. What are the prime factors of r?
11
Let q(f) = -f**2 + 8*f + 12. Let t be q(9). Let m be 5*(1 - 3/5). Suppose -t*i = m*i - 10. List the prime factors of i.
2
Suppose 0 = -3*a - 12 + 27. Let f(c) = -c**3 - 4*c**2 + 4. Let r be f(-4). Suppose -2*s + 6 = -3*k - 6, -r*s + 24 = a*k. List the prime factors of s.
2, 3
Suppose 19*g - 17*g - 44 = 0. List the prime factors of g.
2, 11
Suppose -3*l + 2*l = 0. Suppose -5*q + 25 = l, 0*q + 20 = -5*g + 3*q. What are the prime factors of -2 + 8 + (g - 1)?
2
Let j(s) = s**3 - 3*s**2 + 3*s - 3. List the prime factors of j(3).
2, 3
Let m(s) = s**3 - s - 1. Let i = 0 - 0. Let l = 2 - i. What are the prime factors of m(l)?
5
Let t(x) = -x**3 + 1. Suppose -2*m + 2*d + 2 = 0, 5*m + 26 - 1 = -5*d. Let c = 0 + m. List the prime factors of t(c).
3
Let s(v) = 6*v**2 + 7*v + 3. Let p(j) = -3*j**2 - 3*j - 1. Suppose 4*b + 7 = -1. Let r(n) = b*s(n) - 5*p(n). What are the prime factors of r(-2)?
3
Let s(w) = -w**3 - 1 - 4*w - 3 + 1. List the prime factors of s(-2).
13
Let g(d) = 5*d**3 + 7*d**2 - 9*d - 7. Let n(l) = 5*l**3 + 8*l**2 - 10*l - 8. Let h(s) = -7*g(s) + 6*n(s). List the prime factors of h(-2).
31
Let n be 66/((-4)/2 - -3). Suppose 15 = 4*r + 5*s - 45, 4*s = -5*r + n. Let u = r + -2. What are the prime factors of u?
2
Let u = -148 - -102. Let b = u + 91. What are the prime factors of b?
3, 5
Suppose j = -0*j - 6. Let q = 12 + j. List the prime factors of q.
2, 3
Suppose -4*q - 72 = -208. List the prime factors of q.
2, 17
Let x be (-4)/(-10) - 18/(-5). Suppose 2*r = -4*f + 4, 0*r = x*r + 5*f - 5. Suppose 4*p + r*p - 8 = 0. What are the prime factors of p?
2
Suppose -r - 18 + 22 = 0. Let u = -3 - -6. Suppose 5*i + r*x = 18, 5*x - 6 = -3*i - u. List the prime factors of i.
2, 3
Let u = 6 + -4. Let i = 4 - u. Suppose 2*w + 18 = i*d - 0*w, 5*w = 2*d - 9. List the prime factors of d.
2, 3
Let c(t) be the first derivative of -5*t**2/2 - 2*t - 8. What are the prime factors of c(-5)?
23
Let g = 52 + -16. What are the prime factors of g?
2, 3
Let w = 15 + -1. What are the prime factors of w?
2, 7
Suppose -2*s = 2*s - 8. Suppose 3*i - 15 = -s*r, r - 2*i = -i + 5. List the prime factors of r + -4 + 2/1.
2
Suppose 0 = 5*g + 241 - 606. List the prime factors of g.
73
Let s(j) be the second derivative of j**4/12 + j**3/3 - 3*j**2 - j. List the prime factors of s(-5).
3
Suppose 3*r = 5*r - 24. Suppose r = 3*f - 0*f. List the prime factors of (2/f)/(1/32).
2
Let d be 11 - 5/((-10)/(-6)). What are the prime factors of 61/3 - d/(-12)?
3, 7
Let n = -415 - -717. What are the prime factors of n?
2, 151
Let c = 10 + -7. Let s be (-1)/(0 + (-5)/10). Suppose -4*j = -c*j - s. List the prime factors of j.
2
Let a(u) = -u + 1. Let m(j) = 3*j - 4. Let i be m(3). Suppose 20 = -2*o - 4*q, 0 = -4*o + i*o - 2*q - 2. What are the prime factors of a(o)?
5
What are the prime factors of (74/3)/((-1)/(-12)*2)?
2, 37
Let z be 1 - -1*(-9)/3. Let a = z - -8. What are the prime factors of a?
2, 3
Let a be (-4)/(-8) - 2/4. Suppose a = -y + 33 - 3. Suppose -h + 4*h - y = 0. List the prime factors of h.
2, 5
Let j(l) = l**2 - 13*l - 13. Let r be j(11). What are the prime factors of (-24)/(-20)*r/(-2)?
3, 7
Suppose 0 = 3*y - 4*x + 5, -2*y + 20 = 5*x + 8. Let z(a) = a**3 - a**2 - 2. Let v be z(0). List the prime factors of y + 1 + -1 - v.
3
Suppose 0 = 7*t - 3*t - 108. What are the prime factors of t?
3
Let k(v) = v**2 + 7*v + 5. Let n be -10 + (-3 - 6/(-2)). List the prime factors of k(n).
5, 7
Let y = -7 - 0. Let h = 11 + y. Suppose -4*c - h = -6*c. List the prime factors of c.
2
Suppose -v = -0*v - 2. Suppose 0 = -2*w - v*w + 12. Suppose 0 = -w*n + 21. What are the prime factors of n?
7
Let a be 3/(-2)*24/9. Let c be 2/(-3)*18/a. What are the prime factors of (-1)/3 - (-16)/c?
5
Let i(q) = -q**3 - 4*q**2 - 13*q + 6. What are the prime factors of i(-6)?
2, 3, 13
Let d(m) = -7*m**2 - 12*m + 14. Let p(y) = -3*y**2 - 6*y + 7. Let v(s) = -2*d(s) + 5*p(s). List the prime factors of v(-6).
7
Let p = 250 + 35. List the prime factors of p.
3, 5, 19
Let x(q) = q**3 + q**2 + 1. Let c be x(-1). What are the prime factors of 3 - c/1 - -1?
3
Let l be (2/4)/(1/34). Let f = l - 5. List the prime factors of f.
2, 3
Let i be 1/(((-8)/(-94))/4). Suppose 2*j = 4*c - 48, -j + i = 3*c + 6. Suppose -3*u + c + 30 = 4*w, 3*w + 5*u = 24. What are the prime factors of w?
13
Let v(q) = 23*q - 17. List the prime factors of v(3).
2, 13
Suppose 0 = 2*h - 3*b + 2, 0 + 11 = 3*h - b. Suppose w - 12 - h = 0. What are the prime factors of w?
17
Let y = -82 - -172. What are the prime factors of y?
2, 3, 5
What are the prime factors of 24/(-36) - 868/(-6)?
2, 3
Let g(f) = -f**3 + 5*f**2 + 8*f + 2. Suppose 8*i = 12*i - 24. What are the prime factors of g(i)?
2, 7
Let m = -31 + 60. Let k be 3 + -3 - (-18)/(-1). Let a = m + k. List the prime factors of a.
11
Suppose -3*z + 186 = k, -88 = 3*z - k - 274. Let g = z + -91. Let f = 41 + g. What are the prime factors of f?
2, 3
Let n(p) = -p - 17. Let z(b) = 3*b + 50. Let g(u) = 11*n(u) + 4*z(u). What are the prime factors of g(0)?
13
Let m(y) = 3*y + 5. Let d be m(5). Suppose 4*v + 16 + d = 0. Let i = v + 22. List the prime factors of i.
13
Let k = 14 + -9. Suppose 0 = -q - 2*c - 7, 3*q + k*c + 19 = q. Suppose -3 = p - 4, d - q*p + 1 = 0. List the prime factors of d.
2
Let p(o) = -o**3 - o**2 + o + 17. Let a be p(0). Let u be 0 + a - 1/(-1). What are the prime factors of 76/u + 2/(-9)?
2
Suppose 0*c + 4 = -2*c, -3*u - 3*c = -45. What are the prime factors of u?
17
Let d(m) = -2*m - 3. Let l be d(6). Let o = -9 - l. List the prime factors of o.
2, 3
List the prime factors of 1/(-4*1/(-332)).
83
Let u = -113 + 225. L